= -4*g + 2. Let i be y(-5). Calculate the greatest common factor of v and i.
2
Let c be 88/(3 + 1) + 2 + 2. Calculate the greatest common factor of 247 and c.
13
Let t be 632/52 + 2 + 56/(-26). Let d(p) = -p**3 - 6*p**2. Let w be d(-6). Let z(i) = -i + 6. Let h be z(w). Calculate the highest common factor of h and t.
6
Let u be ((-48)/(-10))/(10/1075). Suppose 11*s + 76 = u. Suppose 4*v = 5*m, 3*m = -5*v - 0*v + 37. What is the highest common divisor of s and m?
4
Let n = 53 - 13. Let s(c) = -c**3 - 11*c**2 + 26*c + 5. Let a be s(-13). Calculate the highest common divisor of a and n.
5
Suppose -4*b + 6*b = 0, 0 = 2*p + 4*b - 80. What is the greatest common factor of p and 440?
40
Let y = -2849 + 4259. Calculate the greatest common factor of y and 30.
30
Let x be 0/15 - (-1 + 5)/(-2). Suppose -s + 54 = x*s. Let n = 12 - 6. What is the greatest common factor of n and s?
6
Suppose 6*j - 812 = -200. Calculate the highest common divisor of 272 and j.
34
Let v be ((-1022)/9*-33)/((-6)/(-9)). What is the greatest common divisor of v and 77?
77
Suppose 4*r + 3 = 31. Let p be (68 + r)/((-2)/(-4)). Suppose 0 = -8*v + 3*v + p. What is the greatest common divisor of 10 and v?
10
Let j = -7 + 16. Suppose -5*a + 376 = -f + 4*f, 4*f - 488 = -4*a. Calculate the greatest common factor of j and f.
9
Let y be (30/8)/((-2)/8). Let z = 48 + y. Suppose -z = -r - 2*r. Calculate the greatest common factor of r and 55.
11
Let g be (-3)/(-12) - (-3350)/40. What is the highest common divisor of 48 and g?
12
Let d(i) = -7*i**3 + 28*i**2 + 3*i - 3. Let y be d(4). Let x(c) = 3*c**3 + 2*c - 1. Let s be x(2). What is the greatest common factor of s and y?
9
Let n(v) = -v**3 + 13*v**2 + 30*v + 15. Let g be n(15). Calculate the highest common divisor of 7 and g.
1
Let l(f) = f**2 - 14*f - 243. Let b be l(-12). What is the highest common divisor of b and 621?
69
Suppose -3*n = -40 - 47. Let l be (-1)/(-2)*(34 + -26). Suppose 60 = f + s, 0 = -2*f + f - l*s + 66. What is the greatest common factor of f and n?
29
Let s be (20/(-50))/(2/(-10)). Suppose 69 = 3*k - 3*l, 3*k - s*l - 46 - 21 = 0. Calculate the highest common factor of k and 7.
7
Let s = -10 - -4. Let h be (-3 - 0)*s/9. Let w = -6 - -14. What is the highest common factor of h and w?
2
Let q = 0 - 1. Let h be 1*(-59)/q + 1. Let w(c) = 2*c**2 - 2*c - 12. Let b be w(4). What is the greatest common factor of h and b?
12
Let r(x) = 4*x**2 + 3*x - 1. Let f be r(4). Calculate the greatest common factor of f and 200.
25
Let c(u) = -u**2 - 18*u - 31. Let b be c(-7). What is the greatest common factor of b and 23?
23
Suppose 58*t - 55620 = 13*t. Calculate the greatest common factor of t and 12.
12
Suppose 1625 - 1541 = 21*u. Suppose 3*i - 3*w = 112 + 68, 0 = 4*i + 3*w - 240. What is the greatest common factor of u and i?
4
Suppose -2*b + 185 = -5*z, 0*z - z - 405 = -5*b. What is the highest common divisor of b and 48?
16
Let d be 114/12 + 6/(-12). What is the greatest common factor of 39 and d?
3
Let w be 129 - (-2)/((-182)/49 + 4). Calculate the highest common divisor of 748 and w.
68
Let v = 1219 + -99. What is the greatest common factor of v and 40?
40
Let m = -37 - -58. Suppose -129 = -3*t + x, -4*t - 38*x + 33*x + 153 = 0. What is the highest common factor of m and t?
21
Let g be 322/98*7 - -13. What is the greatest common factor of g and 450?
18
Let z(n) = -6*n - 4. Let t be z(-4). Suppose -3*k - 9 = 3*b, 0*b - 3*b = 2*k + 9. Suppose k = -4*f - 0*f + 200. Calculate the greatest common factor of t and f.
10
Let y = -1467 + 1559. Calculate the greatest common factor of 621 and y.
23
Let p(z) = z**3 - 21*z**2 - 96*z - 82. Let k be p(25). Calculate the greatest common divisor of k and 2286.
18
Let t(k) = -k**3 + 8*k**2 - 5*k - 3. Let s be t(7). Calculate the highest common divisor of 33 and s.
11
Let t = -448 - -472. Calculate the highest common divisor of 456 and t.
24
Let z = -191 - -199. What is the greatest common factor of 44 and z?
4
Let o = 2 - -14. Suppose 4*x + 4*i - o = 0, i + 4*i = x + 14. Let k be x/(-2)*(-2 - 14). What is the greatest common divisor of k and 24?
8
Suppose -257 = -8*p + 335. Calculate the greatest common factor of p and 1184.
74
Let k(y) = -4 - 3*y + 0 - 5*y + y**3 - y**2. Let n be k(6). Let a = 12 + 4. Calculate the greatest common divisor of n and a.
16
Let r = 138 - 124. What is the greatest common factor of 21 and r?
7
Let f be (-7 - -23) + -11 - -28. What is the greatest common factor of 528 and f?
33
Let b = 196 + -28. Calculate the highest common factor of b and 28.
28
Let b be 69/12 - 3 - (-6)/24. Suppose 2*l + 135 = 7*r - 2*r, 0 = -b*r + 4*l + 81. What is the greatest common factor of r and 18?
9
Suppose 0 = -8*i + 568 + 1112. Calculate the greatest common factor of 66 and i.
6
Let n = 22 + 74. Suppose 3*t + 79 = s, 5*s + 2*t = 7*t + 345. Calculate the greatest common divisor of s and n.
32
Suppose 0 = 11*t - t - 400. Calculate the highest common factor of t and 60.
20
Suppose 0 = 4*g + 10*b - 9*b - 164, -5*g - 4*b + 216 = 0. Let u = 64 + -34. Calculate the highest common divisor of g and u.
10
Let x(t) = 5*t**2 + t + 4. Let d be x(-3). Let j = -373 - -396. Calculate the highest common factor of d and j.
23
Let y be ((-15)/(-2))/(2/12). Calculate the greatest common divisor of y and 15.
15
Suppose -f = 2*m - 66, -7*m = -2*m - f - 158. What is the highest common divisor of 864 and m?
32
Let a be (-1)/5 + 2 + (-608)/(-40). Let i be (1 - 18)/((-4)/12). What is the highest common divisor of a and i?
17
Let o be (-4)/14 - (-4865)/49. Let m be (-13)/(-6) - (-5)/(-30). Suppose 0 = -m*p + 8*p - 66. What is the greatest common factor of p and o?
11
Let g = -56 - -101. Let w be (1 + g)/((-8)/(-4)). What is the highest common divisor of w and 23?
23
Let j(b) = 6*b + 114. Let p be j(-7). Calculate the greatest common factor of p and 324.
36
Suppose -2*o = -2*r + 860, 5*r - 2*o - 2117 - 18 = 0. Calculate the greatest common factor of 68 and r.
17
Suppose -19*w = 34*w - 102025. What is the highest common factor of 25 and w?
25
Let b = -7 - -55. Let i be 2/(-8) - (-5772)/b. Calculate the highest common factor of 48 and i.
24
Suppose -22*z = -6*z - 1008. What is the highest common factor of z and 36?
9
Let w = 312 - 111. Calculate the highest common divisor of w and 3.
3
Suppose -116*a = -111*a - 90. Let d(k) = -9*k**2 + 2*k + 1. Let i be d(-1). Let f = 28 + i. What is the greatest common divisor of a and f?
18
Let t = 2002 + -1967. What is the greatest common factor of t and 133?
7
Let l(i) be the first derivative of i**4/4 + 16*i**3/3 - 19*i**2/2 - 15*i - 12. Let u be l(-17). Calculate the greatest common divisor of 19 and u.
19
Let y = -103 - -155. Let l be (-12)/9*(-17)/(17/54). Suppose 0 = -2*g - 2*g + 12, 0 = -3*x + 2*g + l. What is the highest common factor of y and x?
26
Let n be ((-6)/4)/((-24)/416). Let y = n + -16. What is the greatest common divisor of y and 70?
10
Let s be (0 + -3)/((-5)/(110/33)). What is the highest common divisor of s and 6?
2
Let x = -31 + 77. Let m be x/11 + 2/(-11). Suppose 54 = -m*i + 246. What is the highest common factor of 6 and i?
6
Let o(u) = -15*u**2 + 17*u**2 - u - 1 - 2. Let c be o(2). Suppose c*w + 48 = 6*w. What is the highest common factor of 24 and w?
8
Suppose 3*h - 3*s - 5 - 1 = 0, -h - 3*s + 2 = 0. Suppose 4 = -h*v - 2. Let i be 166 - 1/((-3)/v). What is the greatest common divisor of 15 and i?
15
Suppose -3*x = -13*x + 1350. Calculate the highest common divisor of x and 15.
15
Suppose -2*g + 3238 + 1375 = 3*r, -7703 = -5*r + 4*g. Calculate the highest common factor of r and 38.
19
Let t be 5 - (-2 + 3)*3. Let s(r) = -r**t + r + 14*r - 9 - 3. Let l be s(10). Calculate the highest common divisor of l and 19.
19
Let m = 4 + -2. Let t be ((-12)/18)/(m/(-3)). Suppose -3*d = -5*k - 2, -9 = 2*k - 4*d + 3. What is the greatest common divisor of t and k?
1
Let u = -219 + 261. Calculate the greatest common divisor of u and 140.
14
Let p(h) = -9*h + 12. Let b be p(-12). Suppose 204 = 4*w + b. What is the highest common divisor of 35 and w?
7
Suppose 16 = 4*z - 8*z. Let v be (104/39)/(z/(-6)). Suppose -v*j + 16 = 0, -4*k = -k - 4*j + 1. What is the highest common factor of k and 55?
5
Let t be 1 + (3 - 2) + 0. Let z(l) = 4*l**3 - l - 1. Let y be z(t). What is t